. Let k be l/(-4) + (-111)/(-12). What is the highest common divisor of k and 18?
9
Let c = 13 + -11. Suppose 3*v - 2*w = 66, 5*v + c*w = 146 - 52. Let q = 0 + 10. Calculate the highest common divisor of q and v.
10
Suppose -5 = -i + l + 2, 7 = -4*i - 3*l. Let f be ((-54)/24)/(i/(-8)). What is the greatest common factor of 27 and f?
9
Let m = -87 - -111. Calculate the highest common factor of m and 240.
24
Let u = 25 - 15. What is the highest common factor of 20 and u?
10
Let m(o) = o - 2. Let i be m(16). Let a = 0 - 1. Let l = 1 - a. What is the greatest common factor of l and i?
2
Let x(v) = v**2 - 6*v - 21. Let l be x(11). What is the highest common divisor of 17 and l?
17
Suppose 18*u = 7*u + 264. Let x be (-45 - 0)*(-8)/6. Calculate the greatest common factor of u and x.
12
Let r(m) = -m**3 - 17*m**2 + 4. Let c be r(-17). Let y be c/(-32)*2*-4. Calculate the highest common factor of 11 and y.
1
Let q(j) = -j**3 + 7*j**2 + j - 2. Let c be q(7). Let i = c - -1. Let d(u) = u**2 - 2*u - 4. Let h be d(i). Calculate the greatest common factor of h and 140.
20
Let c = -10 - -17. Suppose c*j - 4*j = 24. What is the greatest common factor of 1 and j?
1
Suppose 2*h + 2*h - 1 = -3*z, -2*z = 3*h - 1. Let p be (-16)/10*5*z. Let m be 1790/45 - (-2)/9. What is the highest common divisor of m and p?
8
Let u = 33 + 15. Let p = 93 - u. Calculate the highest common divisor of p and 5.
5
Suppose 0 = -4*o - 5*u + 16 - 0, 5*o - 33 = -3*u. Suppose -5*r - 10 = -0*r. Let j = r + o. What is the highest common divisor of j and 35?
7
Let p be (2 + (2 - 0))/1. Let i = -1 + 1. Suppose i = 3*n - 6*n + 132. What is the greatest common divisor of n and p?
4
Suppose 0 = -d + 50 - 1. What is the greatest common factor of d and 14?
7
Suppose 0 = 2*n - 4*n + 1440. Suppose -s = 4*s - n. Let h(l) = l**3 - 9*l**2 + 11*l - 8. Let c be h(8). What is the highest common divisor of s and c?
16
Suppose 2 + 0 = a. Suppose 0 = 2*t + a*t - 20. What is the greatest common divisor of 20 and t?
5
Let x be 3 - -4*3/(-12). Suppose r - x*w = -4*r - 1, 14 = -r + 5*w. Suppose -3*n = -24 + 3. Calculate the highest common factor of r and n.
1
Let n be (-3)/3 - (16 - 2). Let o = -10 - n. Suppose -2*c + 76 = -4*f + 2*f, -50 = -c + o*f. What is the greatest common factor of 7 and c?
7
Suppose s = -s + 30. Calculate the highest common factor of s and 15.
15
Let r = -29 - -32. Calculate the greatest common divisor of 1 and r.
1
Let d = -7 - -7. Suppose d*u = 5*u - 40. What is the highest common divisor of u and 56?
8
Suppose -5*y = -w - 11, 7 = 3*y - 4*w - 3. Suppose 2 = r - 1. What is the greatest common divisor of r and y?
1
Suppose 14 = -5*x - 11. Let o(m) = -m**2 - 5*m + 6. Let d be o(x). Calculate the highest common divisor of d and 2.
2
Let o(i) = 6*i - 6. Let z be o(4). Let v be (108/16)/((-6)/(-16)). What is the greatest common divisor of z and v?
18
Suppose 0*o + 295 = -5*o - 2*f, 0 = 4*o + 5*f + 253. Let m = -41 - o. Calculate the greatest common factor of 144 and m.
16
Let o = -2 - -1. Let d be (9/(-3)*5)/o. What is the greatest common divisor of d and 15?
15
Let i = 22 + -16. Suppose -h = 2*h + 5*g - 147, 4*h + 5*g - 201 = 0. Calculate the highest common divisor of h and i.
6
Suppose z = 8*z - 91. Suppose -2*g + 11 = -0*u + 3*u, u + 2 = 5*g. Let i = z - u. Calculate the highest common divisor of i and 20.
10
Let p be (4/3)/((-2)/9). Let w(m) = -m**3 - 7*m**2 - 6*m + 3. Let k be w(p). Suppose -24 + 28 = 4*s. What is the highest common factor of k and s?
1
Let v be (4/(-10))/((-1)/15). Let n = v - 1. What is the greatest common divisor of n and 5?
5
Let c(o) = 12*o**3 + o**2 - o. Let a be 2/(-2 - (-12)/3). Let m be c(a). Suppose -9*z + 300 = -4*z. What is the highest common factor of z and m?
12
Suppose -l - 5*i - 6 = 0, 4*l + 4*i + 3 + 21 = 0. Let o(b) = 2*b**2 + 5*b - 12. Let h be o(l). Calculate the greatest common factor of h and 6.
6
Let c(z) = -9*z**3 - z**2 - 3*z. Let y be c(-3). What is the highest common factor of y and 27?
27
Let s = -6 + 5. Let v be (-14 + s)/((-1)/2). Suppose 4*j = -j - 2*c + 96, 5*c = 4*j - 90. What is the greatest common factor of j and v?
10
Let a be (-3 - 0)/(((-4)/(-20))/(-1)). What is the greatest common factor of a and 165?
15
Let h(s) = -16*s - 103. Let g be h(-9). Calculate the highest common factor of g and 205.
41
Suppose -2*v + 200 = 3*v. Let s = v - 6. Calculate the greatest common factor of s and 85.
17
Suppose 5*y + 23 = -2*u, -3*u - 4*y + 28 = -9*y. What is the highest common divisor of u and 3?
1
Let o be (6*-3)/(0 - 2). Suppose -4*q = o - 33. What is the highest common divisor of 6 and q?
6
Suppose 0 = -3*l + 5*w - 7*w + 84, -w + 87 = 3*l. What is the highest common factor of 75 and l?
15
Let g = 1 + 2. Let w(q) = 2*q**3 - 5*q**2 + 3*q - 2. Let r be w(g). What is the greatest common factor of 40 and r?
8
Suppose 34*d + 30 = 37*d. What is the highest common divisor of d and 20?
10
Let x be 120/(-45)*6/(-4). What is the greatest common factor of 4 and x?
4
Let b = -6 + 11. Suppose -b*w + 41 = -19. Calculate the highest common divisor of 8 and w.
4
Let u = 172 - 88. Calculate the greatest common divisor of 36 and u.
12
Let t(s) = s**3 + s**2 + 14. Let y be -2 - -1*(4 - 2). Let q be t(y). What is the greatest common factor of q and 112?
14
Suppose 0 = -f - 2*s + 7, -5*f = s - 4*s - 74. Calculate the highest common divisor of f and 104.
13
Let z(q) = 7*q - 5. Let l be z(2). Calculate the highest common divisor of 72 and l.
9
Suppose 3*z = -0*l + 5*l + 107, 4*z + l - 158 = 0. Calculate the greatest common divisor of 117 and z.
39
Suppose -5*h - 185 = -5*d, 6*d + 4*h + 116 = 9*d. What is the highest common factor of d and 16?
16
Let l = 3 + 39. Let d(v) = -v**3 + 6*v**2 + 5*v - 3. Let w be d(-3). Calculate the highest common factor of l and w.
21
Let y(z) = 2*z**2 - 3*z - 9. Let k(g) = -g + 5. Let w be k(-4). Let a be y(w). What is the greatest common divisor of 14 and a?
14
Let k = 47 + -24. What is the highest common divisor of k and 253?
23
Suppose 4*l - 62 = 2*l. Suppose x - 6*n = -2*n + l, -113 = -4*x + 5*n. What is the highest common divisor of 297 and x?
27
Let m = 8 + -6. Suppose -72 = -4*r - 0*r. What is the highest common factor of r and m?
2
Let g be (-2)/(2/(-3)*3). What is the highest common factor of g and 9?
1
Suppose -3*g + 6 = 0, 3*g - 19 = 2*q - 153. Let b be 388/14 + (-2)/(-7). Calculate the greatest common factor of b and q.
14
Suppose -264 = 7*b - 9*b. What is the greatest common divisor of 12 and b?
12
Let f = 118 - 117. Calculate the highest common divisor of 17 and f.
1
Let m be 1098/30 + (-3)/5. Suppose -m = -g - g. What is the greatest common divisor of 9 and g?
9
Let d = -6 + 12. Let q be 626/d - (-32)/48. Calculate the highest common factor of q and 15.
15
Let a = -32 + 108. What is the greatest common factor of 19 and a?
19
Let d be (-1 - (-2 + -1))/1. Suppose 0 = -3*q - d + 11. Let t be (-40)/(-12)*q*1. Calculate the greatest common factor of 20 and t.
10
Suppose -2*y + 3 = -y. Let t = 48 - y. What is the greatest common factor of t and 9?
9
Let c be 12/(4/(-2) - -4). What is the highest common factor of 18 and c?
6
Suppose 0 = 4*q - 31 - 25. What is the greatest common divisor of 112 and q?
14
Suppose 7*w - 16 = 6*w. What is the highest common divisor of w and 24?
8
Let j be 3*-2*20/(-12). What is the highest common factor of j and 10?
10
Let y be 18 - ((-2)/1 - 0). What is the highest common factor of y and 10?
10
Suppose -3*i = 0, 5*f - 3*f + 5*i = 4. Let p be 39/2*(1 + 5). Suppose -s + f*s = p. What is the highest common factor of s and 13?
13
Let k = -53 - -60. What is the greatest common divisor of k and 21?
7
Suppose -16*j = -11*j - 225. Suppose -2*x + 5*x + 21 = 3*f, 0 = 5*f + 4*x - 17. What is the greatest common divisor of f and j?
5
Let o(a) = a**2 - 6*a - 2. Let k be o(6). Let z = k - -10. Calculate the highest common divisor of z and 12.
4
Suppose -63 = -2*y + 97. Let i(x) = -x**3 + 12*x**2 - 25*x - 38. Let j be i(7). What is the highest common divisor of j and y?
16
Suppose -5*x + 39 - 9 = 0. Let k be (-20)/x*15/(-5). Let u(z) = 11*z**3 - 2*z**2 + 2*z - 1. Let p be u(1). Calculate the highest common factor of k and p.
10
Let j(k) = 13*k - 6. Let b be j(5). Let u = b - 34. Suppose -3*m = -12 - 18. Calcula